11
Suppose 2*p - 13 - 11 = 0. Let g be 1/(-3) - (-52)/p. Suppose -4*j - 18 + 50 = g*m, 0 = 3*m - 5*j - 48. What are the prime factors of m?
11
Let x(i) = i - 2. Let n be x(-6). Let v be 3/(-2)*n/3. What are the prime factors of (-3 - -11)*6/v?
2, 3
What are the prime factors of 1*(4/(-2) + -2) - -31?
3
Suppose -2*s - 4 = 0, -5*r = -0*s + 5*s - 1655. List the prime factors of r.
3, 37
Suppose 5*g + f = 2*f + 72, 10 = g + 2*f. List the prime factors of g.
2, 7
Suppose 0 = o - 1 - 5. Suppose -2*l - 8 = 2*h, -5*l - o - 21 = -2*h. What are the prime factors of (-4)/(-10) - 48/l?
2, 5
Suppose 4*v - 484 = -4*o, 0*v - 2*o = -3*v + 353. List the prime factors of v.
7, 17
Let z(u) = -u**2 - 7*u - 2. Let c(y) = y**2 + 6*y + 1. Let o(t) = -2*c(t) - 3*z(t). Let n be o(-9). What are the prime factors of (2/4)/(n/32)?
2
What are the prime factors of (-173)/(-6) - 6/(-36)?
29
Let u(m) = m + 16. Let j be u(-12). Suppose 4*v = 2*n - 62, 83 + 28 = j*n + 5*v. List the prime factors of n.
29
Let d = 6 - 12. Let v = 2 - d. List the prime factors of v.
2
Suppose -10*g + 24*g = 4116. List the prime factors of g.
2, 3, 7
Let p be (-4)/(15/(-12) + 1). Suppose 5*h - 4*h = p. List the prime factors of h.
2
Suppose -3*p - 9 = 0, m + 0*p - 2 = -2*p. Let x(q) be the second derivative of q**3/6 - 5*q**2/2 - 2*q. List the prime factors of x(m).
3
Let u = -1 + 2. Let k(w) = 4*w**3 - 2*w**3 + 5*w**3 + 0*w**3. List the prime factors of k(u).
7
Let a = 42 + -18. What are the prime factors of a?
2, 3
Suppose 0 = -2*a - 2*j - 2 + 6, j = 3*a - 6. List the prime factors of ((-23)/(-1))/1 - a.
3, 7
Let y(m) = m**3 + 6*m**2 + 6*m - 5. Let f be y(-5). What are the prime factors of (-34)/f + (-6)/(-10)?
2
Let y = 8 + 4. Suppose 0 - 6 = -2*a - z, 3*a = -3*z + y. What are the prime factors of a?
2
Suppose -7*h - 3310 = -17*h. List the prime factors of h.
331
Let f be 2/(-5 + -5) - (-1)/5. Let g = 3 - 1. Suppose -z + g*z - 17 = f. List the prime factors of z.
17
Suppose y = 6 + 3. Suppose -y = -i - 0. What are the prime factors of i?
3
Suppose n = 5*t - 197, 94 = 4*t - 2*n - 60. What are the prime factors of 8/(-12) + t/6?
2, 3
Let l(t) = -1 - 9*t**2 + 2*t**3 - t**3 + 9*t + 0*t**3 - 3. What are the prime factors of l(8)?
2
Suppose -64 = -i + 4*g, -i = 5*g - 40 - 24. What are the prime factors of i?
2
Suppose 0*j - 2*j - z + 8 = 0, -j - 7 = -5*z. Let n be (18/(j/1))/2. Suppose 0 = 3*d + 2*d - 25, m - n*d + 6 = 0. List the prime factors of m.
3
Suppose 2*k = -10, -2*f + 5*k + 900 = 3*f. Suppose -6*u = -u - f. List the prime factors of u.
5, 7
Suppose -3*p - 5*m + 4 - 25 = 0, -4*p - m - 11 = 0. Let d be ((-8)/(-12))/(2/27). Let c = d - p. What are the prime factors of c?
11
Let c be 11/(44/72) - 1. Suppose -2*p + 73 = 5*w - c, -5*w + 4*p + 60 = 0. List the prime factors of w.
2
Let o = -124 - -178. What are the prime factors of o?
2, 3
Suppose 146 + 96 = s + 5*h, -4*h = 3*s - 781. List the prime factors of s.
3, 89
Let d(f) be the first derivative of 31*f**4/4 - 2*f**3/3 + f**2 - f - 1. Let s be d(1). Let y = s + -17. What are the prime factors of y?
13
Let r = 102 + -26. List the prime factors of r.
2, 19
Let d be (2/4)/(-1)*-6. Suppose -d*z - z = -3*j + 78, 130 = 5*j + 2*z. List the prime factors of j.
2, 13
Suppose -r = -5*r + 156. Let i = r - 11. What are the prime factors of i?
2, 7
Suppose -17 + 7 = -5*t. Suppose 0 = 5*k - 12 - 3. Suppose -12 = t*m - k*m. What are the prime factors of m?
2, 3
Let h be 150*(6/(-5))/(-3). Let v = -39 + h. List the prime factors of v.
3, 7
Let n(m) = 216*m - 12. What are the prime factors of n(1)?
2, 3, 17
Let y(h) = h**3 + 3*h**2 - 5*h - 1. Let w be y(-4). Suppose w*v + 0*v = 0. Suppose -5*z + 56 = -2*g, -z + v*g + 20 = 4*g. List the prime factors of z.
2, 3
Let o(a) = 9*a + 28. What are the prime factors of o(30)?
2, 149
Suppose 0 = o - 5*g - 223, -g = -o + g + 211. What are the prime factors of o?
7, 29
Suppose -f + 16 - 1 = 0. Suppose -2*n = 4*b - 3*b - f, -3*b + 10 = -n. List the prime factors of b.
5
Suppose 3*c = -5*m - 14, 3*c - c = 5*m + 24. Suppose -3*b + 24 = 2*b + 4*l, 0 = b + c*l. Let h(j) = j + 3. List the prime factors of h(b).
11
Suppose -2*q + 5*q = 108. What are the prime factors of q?
2, 3
Suppose -2*a + 12 = 4*c, 5*a - 2*c + 6 = a. Suppose 2*h = -a*h - 8, -5*h - 6 = 2*k. What are the prime factors of k?
7
Let z(j) = 2*j**2 + 4*j - 1. Let d be z(-3). Suppose -45 - 50 = -d*b. List the prime factors of b.
19
Suppose -99 = -a - r + 6*r, -4*a + 396 = -4*r. List the prime factors of a.
3, 11
Suppose -4*m + 5 = -19. List the prime factors of m.
2, 3
Let s = -96 + 170. List the prime factors of s.
2, 37
Let p = 32 + -57. Let w = 36 + p. What are the prime factors of w?
11
Let u = 8 - 4. List the prime factors of u.
2
Let r(f) be the third derivative of f**6/120 + 3*f**5/20 - 5*f**4/12 + 4*f**3/3 - f**2. List the prime factors of r(-10).
2
Let b(y) = 3*y**2 - y - 2. Let m(q) be the second derivative of q**3/6 + 3*q**2/2 - q. Let n be m(-5). List the prime factors of b(n).
2, 3
Suppose -43 = 4*n + 5. Let i = 27 + n. Suppose i = 3*l - 6. What are the prime factors of l?
7
Let o(l) = l**3 - 7*l**2 + 8*l + 6. Let w(t) = 6*t**3 - t**2 + 2*t - 1. Let u(i) = i**2. Let a be u(1). Let c be w(a). List the prime factors of o(c).
2, 3
Let p(l) = 4*l**3 + l**2 + 21*l - 9. Let d(x) = 0*x - 2*x**3 + 2 + x**3 - 5*x. Let r(c) = -9*d(c) - 2*p(c). What are the prime factors of r(2)?
2, 3
Let j = -48 - -94. What are the prime factors of j?
2, 23
Let f = 51 + 3. Suppose -2*z - z + f = 0. What are the prime factors of z?
2, 3
Suppose 0 = 2*p - 1 - 7, 0 = -2*i + p + 102. List the prime factors of i.
53
Let v(y) = 8*y - 18. List the prime factors of v(10).
2, 31
List the prime factors of 2/((-24)/45)*-12.
3, 5
Let d(q) = 6*q + 12. What are the prime factors of d(7)?
2, 3
Let x = -15 - -25. Let z = x + -5. Suppose -o + 4*c - 7*c + 8 = 0, 0 = 3*o + z*c - 16. What are the prime factors of o?
2
Let y(i) = i**2 - 6*i - 2. Let k be y(7). Let z = 11 + k. What are the prime factors of z?
2
Let o = 14 - 19. Suppose -w - 1 = 0, w + 18 = 2*y - 13. Let m = y + o. List the prime factors of m.
2, 5
Suppose 3*g - 12 = -3*d, 5*g + d - 2*d = 38. Let y(q) = -q**2 + 8*q - 2. List the prime factors of y(g).
5
Suppose -q = 1 - 4. Let s be 3/(-5) + (-6)/15. Let c = q + s. List the prime factors of c.
2
Let w(v) = 4*v - 2. Let r be w(-4). Let j = r + 37. What are the prime factors of j?
19
Suppose l + 4*l - 185 = 0. List the prime factors of l.
37
Let s = 27 + -19. Suppose 3*m + 5 = h, 0 = 3*h - 4*h + 4*m + 6. Suppose -h*i + 22 - s = 0. List the prime factors of i.
7
Suppose d - 5*d + 16 = 0. Suppose -7 = 2*y - 3*c, -d*c + 2*c + 18 = 2*y. Let j(m) = m**3 - 4*m**2 + 2*m. What are the prime factors of j(y)?
2
Let l = 5 - 2. Let a be ((-2)/l)/(2/(-12)). Suppose a*h - 72 = -24. List the prime factors of h.
2, 3
Let w be (4/2)/((-2)/(-3)). Let i(s) = -15*s**w - 3*s**2 + 14*s**3 + s - 4*s - 4. List the prime factors of i(-3).
5
Let f be (-11*1)/(5/(-10)). Let c = f - 6. List the prime factors of c.
2
Suppose r = -5*g + 90, 37 = g + 4*r - 0*r. Let p(b) = b**2 - 11*b + 8. Let k be p(9). Let a = k + g. List the prime factors of a.
7
Let c(j) = -j**2 + 4*j + 5. Let g be c(5). Suppose g = -0*p + 4*p - 8. Suppose 22 = 3*a + 2*b + 2*b, 4*a - p*b = 0. What are the prime factors of a?
2
Let s(b) = b**3 - 11*b**2 + 5. List the prime factors of s(11).
5
Suppose 0 = 2*k - 3*y - 10, -6 = 3*k - 5*k + y. Suppose -64 = -5*n + k*h, -5*h + 69 = 3*n + 12. List the prime factors of n.
2, 7
Let q be (-7)/(-3) + 2/3. Let g(f) = f**2 - 3*f + 1. Let o be g(3). Let z = o + q. What are the prime factors of z?
2
Let z(v) = -v**2 - 6*v + 2. Let r be z(-6). Suppose r*u + 58 = 4*n, -5*n + 0*u + u = -77. What are the prime factors of n?
2
Suppose 0 = 5*s + 4*z - 271, -s + 173 = 2*s + 5*z. Let l = s - 36. List the prime factors of l.
3, 5
Let m be (-6)/2 + (7 - 3). Suppose -8 = 2*j - 4*q, 0 = 3*j - 3*q - 2 - m. List the prime factors of j.
2, 3
Suppose 0 = -3*o - 9. Let i be (o/5)/(2/(-10)). Suppose 4*c - 13 = -i*r, r + 5*c = 5 - 19. List the prime factors of r.
11
Let b = 12 - 8. Let s be 12/(-14)*14/(-2). Let p = b + s. What are the prime factors of p?
2, 5
Let p(w) = 2*w**3 - w**3 + 5*w**2 + w**2 + 5*w + 2. Let i be p(-5)